
What are the prime factors of 1939112068?
2, 83, 5840699
What are the prime factors of 22689607?
22689607
What are the prime factors of 312087367?
41, 79, 96353
List the prime factors of 36380945.
5, 7276189
List the prime factors of 37179867.
3, 17, 47, 15511
What are the prime factors of 444855476?
2, 13, 29, 294997
What are the prime factors of 2794904381?
17491, 159791
List the prime factors of 23252714.
2, 11626357
List the prime factors of 9190331.
9190331
What are the prime factors of 59260680?
2, 3, 5, 37, 1483
List the prime factors of 5715417219.
3, 89, 97, 220681
List the prime factors of 60790069.
2371, 25639
What are the prime factors of 421416147?
3, 47, 2988767
List the prime factors of 42110544.
2, 3, 7, 125329
What are the prime factors of 89223343?
11, 29, 47, 541
What are the prime factors of 188367055?
5, 17, 2216083
What are the prime factors of 456305250?
2, 3, 5, 43, 14149
What are the prime factors of 67692131?
13, 907, 5741
List the prime factors of 3217388472.
2, 3, 59, 252463
List the prime factors of 719420753.
719420753
What are the prime factors of 212613609?
3, 13, 61, 89371
List the prime factors of 5622350848.
2, 643, 8539
List the prime factors of 14234516.
2, 23, 154723
What are the prime factors of 373565088?
2, 3, 13, 79, 421
List the prime factors of 123420253.
11, 83, 135181
What are the prime factors of 6432300?
2, 3, 5, 7, 1021
List the prime factors of 27408497.
79, 346943
List the prime factors of 988933568.
2, 7, 2207441
List the prime factors of 13134661.
13134661
What are the prime factors of 58581756?
2, 3, 281, 5791
What are the prime factors of 38156328?
2, 3, 7, 75707
What are the prime factors of 134045902?
2, 67022951
List the prime factors of 1751551130.
2, 5, 7, 313, 79943
List the prime factors of 173539489.
173539489
What are the prime factors of 63421175?
5, 257, 9871
List the prime factors of 99920520.
2, 3, 5, 7, 13217
List the prime factors of 17344866.
2, 3, 7, 11, 3413
What are the prime factors of 4977649076?
2, 1244412269
What are the prime factors of 1976935796?
2, 11, 44930359
List the prime factors of 4254487505.
5, 19, 44784079
What are the prime factors of 182277030?
2, 3, 5, 13, 191, 2447
What are the prime factors of 83246572?
2, 73, 285091
What are the prime factors of 1625481948?
2, 3, 73, 113, 16421
What are the prime factors of 1431162393?
3, 1783, 267557
What are the prime factors of 806024294?
2, 5953, 67699
List the prime factors of 49279887.
3, 61, 29921
What are the prime factors of 30668249?
73, 179, 2347
What are the prime factors of 2842113991?
107, 821, 32353
List the prime factors of 49335057.
3, 661, 8293
What are the prime factors of 1966694?
2, 983347
What are the prime factors of 3338147491?
7, 43, 587, 2699
List the prime factors of 4821346252.
2, 3761, 320483
List the prime factors of 339570273.
3, 7, 16170013
List the prime factors of 99013452.
2, 3, 8251121
List the prime factors of 892069590.
2, 3, 5, 127, 234139
List the prime factors of 129074215.
5, 29, 179, 4973
What are the prime factors of 125115402?
2, 3, 661, 31547
What are the prime factors of 198753204?
2, 3, 13, 181, 7039
List the prime factors of 94177557.
3, 10464173
What are the prime factors of 366205974?
2, 3, 43, 1419403
What are the prime factors of 164103093?
3, 7, 11, 43, 5507
What are the prime factors of 49886516?
2, 383, 32563
List the prime factors of 860764293.
3, 1049, 30391
What are the prime factors of 173218153?
41, 173, 24421
What are the prime factors of 5084587073?
43, 229, 516359
List the prime factors of 549741301.
37, 14857873
What are the prime factors of 1917236477?
13, 19, 7762091
List the prime factors of 299167458.
2, 3, 49861243
What are the prime factors of 149820459?
3, 23, 2171311
List the prime factors of 19206125.
5, 153649
List the prime factors of 21041680.
2, 5, 11, 23911
What are the prime factors of 1564016418?
2, 3, 37, 782791
What are the prime factors of 33049225?
5, 11, 47, 2557
What are the prime factors of 347678101?
17, 61, 335273
List the prime factors of 98041510.
2, 5, 7, 89, 15737
List the prime factors of 4520655769.
7, 19, 4855699
What are the prime factors of 93181144?
2, 7, 237707
What are the prime factors of 69948846?
2, 3, 11, 17, 2309
What are the prime factors of 119156866?
2, 19, 3135707
What are the prime factors of 103487100?
2, 3, 5, 344957
What are the prime factors of 32764429?
32764429
List the prime factors of 645995296.
2, 23, 233, 3767
What are the prime factors of 54556972?
2, 13639243
What are the prime factors of 164933947?
164933947
List the prime factors of 1310957020.
2, 5, 2729, 24019
What are the prime factors of 641383427?
641383427
List the prime factors of 170941396.
2, 2963, 14423
What are the prime factors of 2006526987?
3, 31, 7191853
What are the prime factors of 128283093?
3, 14253677
What are the prime factors of 41101830?
2, 3, 5, 7, 11, 659
What are the prime factors of 23155699?
7, 19, 151, 1153
List the prime factors of 198726928.
2, 19, 653707
List the prime factors of 650300094.
2, 3, 43, 840181
List the prime factors of 30025536.
2, 3, 17, 9199
List the prime factors of 3718899644.
2, 929724911
List the prime factors of 9137611.
7, 1305373
What are the prime factors of 4458603644?
2, 11, 31, 297161
What are the prime factors of 48472755?
3, 5, 3231517
List the prime factors of 411153210.
2, 3, 5, 13, 351413
List the prime factors of 994569012.
2, 3, 27626917
List the prime factors of 740102279.
7, 47, 127, 17713
List the prime factors of 943775004.
2, 3, 331, 237607
List the prime factors of 140487703.
23, 6108161
What are the prime factors of 33946957?
11, 67, 46061
What are the prime factors of 56837800?
2, 5, 17, 73, 229
List the prime factors of 233297241.
3, 77765747
What are the prime factors of 12361389?
3, 97, 107, 397
List the prime factors of 429169548.
2, 3, 157, 227797
List the prime factors of 362422699.
2089, 173491
What are the prime factors of 97831848?
2, 3, 29, 37, 131
What are the prime factors of 103511372?
2, 73, 107, 3313
What are the prime factors of 119709303?
3, 7, 29, 28081
List the prime factors of 81805207.
11, 17, 25733
What are the prime factors of 1036783852?
2, 13, 1823, 10937
List the prime factors of 88013712.
2, 3, 31, 59149
What are the prime factors of 31031336?
2, 7, 149, 3719
What are the prime factors of 117631769?
37, 3179237
What are the prime factors of 5320883810?
2, 5, 11, 397, 121843
What are the prime factors of 354967670?
2, 5, 31, 1145057
What are the prime factors of 4227527087?
7, 163, 529301
What are the prime factors of 1181927407?
1531, 771997
What are the prime factors of 101969739?
3, 617, 6121
List the prime factors of 718265372.
2, 11, 233, 70061
List the prime factors of 127495351.
137, 853, 1091
What are the prime factors of 1476828552?
2, 3, 107, 367, 1567
What are the prime factors of 31687037?
73, 163, 2663
List the prime factors of 279185446.
2, 1979, 70537
List the prime factors of 67035858.
2, 3, 179, 62417
What are the prime factors of 162037511?
162037511
What are the prime factors of 1095961386?
2, 3, 13, 37, 379751
What are the prime factors of 3220285645?
5, 109, 151, 359
What are the prime factors of 52303326?
2, 3, 1567, 5563
List the prime factors of 1031124153.
3, 239, 1438109
List the prime factors of 121834564.
2, 2621, 11621
List the prime factors of 1092860514.
2, 3, 179, 339187
What are the prime factors of 116048678?
2, 283, 205033
What are the prime factors of 3502129337?
7, 241, 421, 4931
List the prime factors of 22088300.
2, 5, 13, 1307
What are the prime factors of 39901895?
5, 11, 23, 31543
List the prime factors of 512621581.
12119, 42299
List the prime factors of 67759760.
2, 5, 846997
What are the prime factors of 1682103332?
2, 7, 13, 4621163
List the prime factors of 508198114.
2, 73, 3480809
List the prime factors of 4289410802.
2, 59, 36350939
List the prime factors of 53079956.
2, 89, 149101
List the prime factors of 104277229.
7, 14896747
What are the prime factors of 958487883?
3, 73, 709, 6173
What are the prime factors of 33081081?
3, 11, 1002457
List the prime factors of 66538249.
293, 227093
What are the prime factors of 1611900716?
2, 89, 4527811
What are the prime factors of 244733128?
2, 39